 - 3*j**3 - 7*j + 0*j + 2*j**3. Does 38 divide r(7)?
True
Let k = -361 + 485. Is 9 a factor of k?
False
Let y = -23 + 9. Let q(a) be the first derivative of -3*a**2 - 10*a + 29. Is 10 a factor of q(y)?
False
Let b = -38 + 39. Does 11 divide 2*-11*b*2/(-4)?
True
Suppose -22*v = 2*v - 3360. Is 3 a factor of v?
False
Suppose -5*c + 6*i = 5*i - 654, -5*i - 280 = -2*c. Is 10 a factor of c?
True
Suppose 0*a + 105 = 3*a. Let z be (-3 + 3 - 0) + 0 + 5. Suppose z*j = 60 + a. Is j a multiple of 5?
False
Let t = -275 - -410. Let o = t - 73. Is 23 a factor of o?
False
Let m(k) = 57*k - 186. Does 41 divide m(39)?
False
Let f(w) = w - 1. Let g(i) = -3*i**2 - 7*i + 8. Let u(d) = -2*f(d) - g(d). Let s(o) = -7*o**2 - 11*o + 13. Let r(h) = -4*s(h) - 9*u(h). Is 9 a factor of r(6)?
False
Suppose -7 = -4*z + 13. Let a(t) = 4*t**2 + 5*t + 4. Let c(j) = 9*j**2 + 10*j + 8. Let w(m) = 7*a(m) - 3*c(m). Does 17 divide w(z)?
False
Let h = 2290 - 1362. Does 69 divide h?
False
Let s(w) = 11*w - 7. Let j(y) = 11*y**2 - y + 16. Let m(u) = u**3 + u**2 + u + 1. Let r(n) = -j(n) + m(n). Let t be r(10). Is s(t) a multiple of 14?
False
Suppose 54 - 1 = a. Let b = -28 + a. Does 6 divide b?
False
Let m(u) = u**2 + 13*u + 27. Let l be m(-11). Suppose -r + 4*f = 3*r - 48, 20 = -l*f. Is 5 a factor of r?
False
Suppose -18*y - 52 = -20*y - 2*p, y + 3*p - 16 = 0. Is 9 a factor of y?
False
Suppose -518*w + 481*w = -158730. Is 12 a factor of w?
False
Let y(r) = -1 - 2 - 6*r + 11 + 6. Suppose m + 2*n = 2*m + 12, 4*n + 18 = -5*m. Is 25 a factor of y(m)?
True
Let t = -598 - -2464. Is t a multiple of 11?
False
Suppose -p = x, -3*x - p - 4*p = 6. Suppose 4*r + 0*r - 12 = 0. Suppose 2 = y - x*u + r, -5*u + 9 = -y. Does 7 divide y?
False
Let i(v) = -v + 7. Let n be i(6). Let a(u) = 28*u + 16*u**3 + 25*u - 55*u + 1. Does 5 divide a(n)?
True
Let y(o) = -o**2 + 4*o + 1. Let c be y(3). Suppose 0 = 3*l - c - 86. Let w = l - -18. Is 24 a factor of w?
True
Suppose 2093 + 263 = 4*v. Is 31 a factor of v?
True
Let u(p) = -3*p**3 + 17*p**2 - 15*p - 15. Let d(f) = 7*f**3 - 35*f**2 + 29*f + 31. Let n(i) = 2*d(i) + 5*u(i). Does 13 divide n(13)?
True
Suppose 6*j = -378 + 3042. Does 12 divide j?
True
Let d = -2187 - -3837. Does 11 divide d?
True
Suppose 4*k + 14 = 3*f - 3, -f + 4*k - 5 = 0. Let d = 15 - f. Suppose -3*v - 2*v - j + 169 = 0, -d*j + 64 = 2*v. Is 20 a factor of v?
False
Let w = 0 + 0. Suppose -5*l + 2*l + k - 75 = w, l = -k - 25. Does 15 divide (-15)/l*(-50)/(-2)?
True
Let d = -24 - -29. Suppose d*n + 64 = -51. Let o = n - -57. Is 7 a factor of o?
False
Is 264/(-198) - 6134/(-6) a multiple of 32?
False
Let v be (48/15)/(14/35). Suppose -5 = -v*w + 7*w. Is w a multiple of 3?
False
Let k = -62 - -73. Let n = k + -7. Is 4 a factor of n?
True
Let v(j) = j**3 + 13*j**2 + 6*j + 6. Let h be v(-5). Suppose -4*o = -268 - h. Is o a multiple of 40?
False
Let j = -1036 - -1342. Is j even?
True
Let b = 4517 - 3216. Does 14 divide b?
False
Let p(t) = -t**2 - 56*t - 116. Is 21 a factor of p(-29)?
False
Let l(d) = -255*d**3 + 3*d**2 - 6*d - 8. Is 32 a factor of l(-1)?
True
Let i(v) = 3*v**2 - 2*v - 8. Let g(y) = -3*y**2 + 3*y + 9. Let k(c) = -5*g(c) - 6*i(c). Let o(a) = -a. Let p(h) = -k(h) + 2*o(h). Does 3 divide p(-2)?
False
Let n(c) = 16*c**2 - 4*c + 9. Let b(x) = -15*x**2 + 5*x - 9. Let g(o) = -3*b(o) - 2*n(o). Does 11 divide g(2)?
False
Suppose 29 = 6*q - 7. Suppose -q*b + 608 = -2*b. Is 19 a factor of b?
True
Let f be 2 + -3 + (-22)/(-1). Suppose -20*g = -f*g - 30. Is 13 a factor of (-128)/(-5) + (-12)/g?
True
Let k = -65 + 69. Suppose 4*m - 240 = -2*b + 12, -5*b = k*m - 600. Is b a multiple of 29?
True
Suppose 13*f - 1029 = 570. Does 41 divide f?
True
Let s(a) = 35*a + 232. Does 16 divide s(12)?
False
Suppose 4 = 3*v - 29. Suppose 0 = -5*p - 4*s + 643, -4*s = -v + 3. Is p a multiple of 46?
False
Is (-2 + 3)/((-7)/(-1225)) a multiple of 35?
True
Let y = 29 + -22. Suppose -294 = -y*n + 4*n. Is n a multiple of 49?
True
Let x = -3 - -5. Suppose -x*r = 2*r. Is 13 a factor of 0 + 26*(r - -2)?
True
Let b(z) = 3*z + 7. Let l be 15*-2*1/6. Let s be b(l). Let o(a) = -a**3 - 6*a**2 + 6*a - 9. Is 18 a factor of o(s)?
False
Let u(d) = -d**2 - 20*d + 7. Let k be u(-16). Suppose 5*l = 4*l + k. Is 22 a factor of l?
False
Suppose -i - 3 = 2*z, -2*z = -z - 2. Let r be i/(-4) - (-9)/36. Let q = 32 - r. Is q a multiple of 10?
True
Suppose 4*c + 3*a + 3 = -4, 5*a = -5*c - 15. Suppose -25 = b - 2*b + p, c*p - 50 = -3*b. Suppose -b - 2 = -f. Is f a multiple of 5?
False
Let c(k) = -3*k + 17. Let s be c(5). Suppose s + 4 = 3*a. Suppose 5*w - 500 = -5*u, 0 = -a*w - 2*w + 4*u + 368. Does 32 divide w?
True
Let i be 4/(-12) - (-458)/6. Suppose 4*m + 52 = 4*a - i, -2*m - 4*a = 88. Let g = 69 + m. Is 12 a factor of g?
False
Let f be (-9397)/(-13) - 3 - 6/(-39). Suppose 0 = h + 5*h - f. Does 10 divide h?
True
Let l = 1949 + -1133. Does 48 divide l?
True
Suppose -2*k + 3*q - 4 = 0, -3*k = -k - 4*q. Let x(y) = y**2 + 4*y + 10. Does 17 divide x(k)?
False
Suppose -33*z - 8988 = -39*z. Is 14 a factor of z?
True
Suppose 0 = -2*n - 72 + 86. Is n a multiple of 7?
True
Let w = 1189 + -178. Suppose 0 = -4*d + 107 - w. Is (-5)/(-10) + d/(-4) a multiple of 17?
False
Let v be (5/(20/(-212)))/(-1). Suppose v*p - 56*p = -276. Is 6 a factor of p?
False
Suppose -y + 2*y = -7. Let b be y/5 - 14/(-35). Let w(p) = -83*p + 2. Is w(b) a multiple of 20?
False
Let m be 2/(((-4)/12)/(-1)). Suppose 4*v - t - 81 = 21, 0 = 3*t + m. Let r = 16 + v. Is 15 a factor of r?
False
Suppose -3*d + 726 + 711 = 0. Suppose -9*s = -d - 961. Is s a multiple of 32?
True
Let x(p) = 5*p**2 - 13*p + 62. Is x(-8) a multiple of 9?
True
Suppose 0 = 11*k - 23*k + 10440. Is k a multiple of 4?
False
Let s = 56 - -144. Is 5 a factor of s?
True
Suppose 0 = 20*v - 3075 - 1725. Is v a multiple of 15?
True
Suppose 6 = -8*r + 2*r. Is r/(((-15)/55)/3) a multiple of 2?
False
Suppose 0 = -2*i + 15 - 9. Suppose -2*l = -i*l + 7. Suppose -39 = -4*x - l. Is 4 a factor of x?
True
Suppose 0*v - 2*v = -14. Let j = v - 4. Suppose j*l - 36 = 87. Is 23 a factor of l?
False
Let l(r) = r**3 + 49*r**2 + 32*r - 243. Is l(-48) a multiple of 19?
False
Let g be (-1)/((-49)/14) + 544/7. Suppose -4*j + g = 2*o - 50, -j - 220 = -3*o. Does 8 divide o?
True
Let n = 21 + -12. Suppose 3 = 3*a - n. Suppose 111 + 33 = a*j. Is 8 a factor of j?
False
Is 28 a factor of ((-42)/24)/(3*2/(-384))?
True
Let r(y) = -y + 2. Let a be r(0). Suppose -j - 4*u - 3 = 0, 5*u + 15 = a*u. Does 3 divide j?
False
Let t be 12/1*(-4 - 74/(-4)). Let y = -124 + t. Is 25 a factor of y?
True
Let s(a) = -a**3 + 23*a**2 + 2*a + 26. Let q be s(23). Let m = -8 + q. Is m a multiple of 16?
True
Is 23 a factor of 7*-1 - (-187 + 4)?
False
Suppose -5*u + 175 = -0*u. Does 6 divide u - 8*2/4?
False
Let l(d) = d**3 + 12*d**2 - 14*d + 2. Let s be (1 - 5)*(-39)/(-12). Let r be l(s). Is 15 a factor of (-3)/6*r*-2?
True
Let d = 104 - -490. Is 22 a factor of d?
True
Let g = 770 + -587. Does 3 divide g?
True
Let t(s) = s**3 + 15*s**2 + 5*s - 19. Is 23 a factor of t(-9)?
False
Let k(w) = -w**3 - 4*w**2 + 13*w + 22. Let l be k(-6). Suppose l = 5*b - 4, 0 = 2*h + 4*b - 110. Is h a multiple of 2?
False
Let u be (-48)/28 + (-6)/21. Let k be -1 - (u + -5 + 3). Suppose 45 = -k*h + 216. Is 15 a factor of h?
False
Let r = 251 - 50. Suppose 3*l - r = -0*l. Let h = l - 37. Is h a multiple of 15?
True
Let g = -258 - -56. Let x = g + -11. Is 8 a factor of 1/3 - x/9?
True
Let a = 10 + 21. Suppose 0 = 4*j - a - 1. Is 6 a factor of j?
False
Suppose -7 - 257 = -4*i. Let n = 35 + i. Is n a multiple of 11?
False
Suppose 20253 + 33246 = 17*t. Is 14 a factor of t?
False
Let c be (-4)/30 + (7 - 365/75). Suppose 5*d + 4*r - 762 = -162, -253 = -c*d + r. Does 27 divide d?
False
Let l = -4 + -7. Let f(r) = 2*r**2 + 11*r + 10. Let h be f(-9). Let u = h + l. Does 22 divide u?
False
Suppose 0 = 2*i - 353 + 25. Is 15 a factor of (i - (-1 - 0))*(-5 - -6)?
True
Let b = 632 - 490. Is b a multiple of 15?
False
Let k = -1745 - -3272. Is 25 a factor of k?
False
Let t(b) be the first derivative of -2*b**3/3 - 15*b**2 - 3*b - 6. Does 12 divide t(-13)?
False
Suppose -6*d + 25 = -2*d - 3*b, 4*b + 4 = -2*d. Suppose 3*r + 3*v = 2*r + 81, -d*v - 192 = -2*r. Is r a multiple of 17?
False
Suppose -3*c + 4*j -